2 = -2, 2*a = 5*j - 63. Let v = 27 + a. What is the units digit of v?
8
Suppose -3*f - 7 = 8. Let y(t) = t**2 + 5*t + 4. What is the units digit of y(f)?
4
Suppose -4*z - 6 = -2*t, 12 = 4*t + 3*z - 2*z. Let u(h) = -h**3 + 4*h**2 - 2*h - 2. Let j be u(t). What is the units digit of j - -8 - 1*-2?
1
Let r = -203 + 326. What is the hundreds digit of r?
1
Let h(v) be the first derivative of 9*v**2 + 1. Let a be h(1). Let y = a - 12. What is the units digit of y?
6
Let f be (-4)/2 - (11 + -7). Let o = 13 + f. What is the units digit of o?
7
Let j = 44 - 13. What is the units digit of j?
1
Suppose 4*g - 3 = -p + 36, 4*g - 33 = p. Let m = g + -4. Suppose 0 = 5*t - m - 5. What is the units digit of t?
2
Let o(c) = -c**2 + 5. Let d be o(-6). Let m = d + 44. What is the units digit of m?
3
Let c = -119 - -205. What is the units digit of c?
6
Let t(o) = 27*o + 10. What is the tens digit of t(4)?
1
Let a be 15/(-10) - (-6)/4. Suppose -3*i + 0*i = a, -25 = -5*f + 2*i. What is the units digit of f?
5
Let g(j) = -j + 9. Suppose 5 = 4*q + 1. Let m = q - -3. What is the units digit of g(m)?
5
Suppose -65 = -5*k + 45. Let v = k - 14. What is the units digit of v?
8
Suppose -2*g + 6 = -0. Suppose 5*p + 2*w = 174, g = w - 2*w. What is the units digit of p?
6
Let y = 18 + -8. Suppose -4*v - v = -y. Suppose 0 = -w + 2 + v. What is the units digit of w?
4
Suppose 4*i - 2*i = 3*l - 43, -l + 5*i + 10 = 0. What is the tens digit of l?
1
Let q(m) = -m + 18. What is the tens digit of q(-13)?
3
Suppose 6*v - 19*v + 1209 = 0. What is the tens digit of v?
9
Let f be (6/(-9))/((-10)/15). What is the units digit of (-2 + f)/((-4)/40)?
0
Let u be 534/(-33) + 4/22. Let n = u - -32. What is the tens digit of n?
1
Let s(t) = t**3 + t**2 + 2*t + 3. Let c(f) = -2*f**3 - 2*f**2 - 3*f - 5. Let o(r) = 3*c(r) + 5*s(r). Let j be o(1). What is the units digit of j/4 - (-50)/8?
6
Suppose 8*o - 10 = 6*o. Suppose -28 = -o*y + 22. What is the tens digit of y?
1
Let r(b) = b. Let a be r(-1). Let m(z) = -36*z**3 - z**2 + z + 1. What is the tens digit of m(a)?
3
Let k be (1 - 12/8)*0. Suppose 5*v + 3*j - 80 = k, 2*v - 3*j + 9 = 62. What is the tens digit of v?
1
Suppose 5*l + 2*c = 71, -l = -4*l - 4*c + 51. Suppose -l*o + 75 = -8*o. What is the units digit of o?
5
Let p(b) = -8*b - 9. Let c be p(-6). Suppose c = k + 2*v, -4*k + v + v + 156 = 0. What is the units digit of k?
9
Let g be 7 - (0 - (-3 - -4)). Suppose f = -4*t + g, -3*f - 3*t + 58 = f. What is the units digit of f?
6
Let o(g) = 2*g - 2. Let n be o(3). Suppose n*r = -8, 0*y = y + 4*r - 6. What is the tens digit of y?
1
Let u = 56 + -27. Suppose -2*z + 3*t = -u, -t = -z - 4*z + 40. What is the units digit of z?
7
Suppose 0*u - 12 = -4*u. Suppose -4*j - x = x - 34, -9 = u*x. What is the tens digit of j?
1
Suppose o + 1 = -1. Let l be (-20)/(2 + -3) - o. Let y = l - 14. What is the units digit of y?
8
Let g = 2 + 177. Suppose -g + 39 = -5*z + x, -2*x = -10. What is the units digit of z?
9
What is the hundreds digit of (-46 - -6)/((-3)/30)?
4
Suppose -73 = 74*v - 75*v. What is the tens digit of v?
7
Let d(y) = y**3 + 8*y**2 + 6*y + 8. Let s be d(-7). Suppose 3 = -3*j + s. Suppose 43 = 3*t - a, 8*a - j*a = 3*t - 28. What is the units digit of t?
6
Let y = 17 + 14. What is the tens digit of y?
3
Let u = -4 + 5. Let t be u/(-2)*(-3 - 3). Suppose -t*q = -2 - 34. What is the tens digit of q?
1
Let d = -6 + 12. What is the units digit of d?
6
Suppose 0*q = -4*q. Let h = -5 + 9. Suppose q*t = h*t - 40. What is the units digit of t?
0
Suppose -4*l + 74 = 30. Suppose l = -2*g - 5*z, 3*z + z = g - 14. Suppose 4*w = 2*m - 4, m + 2*w = -g*w + 8. What is the units digit of m?
4
What is the tens digit of (-32)/(2/4*-2)?
3
Suppose 6*u - 81 = 27. What is the units digit of u?
8
Let b(v) = 203*v - 2. What is the units digit of b(1)?
1
Let s be 6*(-5)/((-45)/(-12)). What is the units digit of (-46)/s + 1/4?
6
Let b(n) = 28*n + 7. Let l(y) = -14*y - 3. Let a(c) = 4*b(c) + 9*l(c). Let t be 2/(-3 - -1)*1. What is the tens digit of a(t)?
1
Let d = 8 - 4. What is the units digit of d?
4
What is the tens digit of (-705)/60*-2*4?
9
Let a(j) = -j + 2. Let r be a(-7). Let c be r/(-45) - (-218)/(-10). What is the units digit of 1 + -4 - (c + 1)?
8
Let f(v) = 2*v**2 + 11*v - 12. Let o be f(-6). Let j(g) = -4 + 4*g - 2*g - 3*g. What is the units digit of j(o)?
2
Let t be (1 - 0)/(4/48). Suppose 2*k - t = -6. What is the units digit of k?
3
Let z be ((-4)/(-6))/(2/6). Let l be ((-4)/(-8))/(z/24). What is the units digit of ((-4)/l)/((-2)/21)?
7
Let y = -1 - -3. Let q be -2 + 2 + (-2)/y. What is the units digit of 7 - (q - 3)/2?
9
Let n(p) = 32*p - 6. What is the units digit of n(4)?
2
Let u(f) = -3*f**2 + 2*f**2 + 11*f**2. What is the units digit of u(1)?
0
Suppose t + 2*h - 3*h = 0, 2*h - 3 = t. Let f be (t + -1 + -22)*-2. Suppose 18 = d - 4*s, -f = -d - 4*d - 5*s. What is the units digit of d?
0
Let h be -2*2/10*-5. Suppose -h*v = -36 - 10. What is the units digit of v?
3
Let s(k) be the third derivative of -k**5/60 + 5*k**4/12 - 4*k**3/3 + k**2. Let j(i) = 3*i + 51. Let p be j(-15). What is the tens digit of s(p)?
1
Suppose 39*o = 36*o + 258. What is the units digit of o?
6
Suppose 0 = 3*f - x - 187, -5*f + 6*x + 305 = x. What is the units digit of f?
3
Let v = 229 - 148. What is the units digit of v?
1
Let g(z) = 13*z + 1. Let j be g(-3). Let n be 2/7 - j/14. Suppose 5 = 5*p, -2*x + n*p + 0*p + 11 = 0. What is the units digit of x?
7
Suppose -y - y + 32 = 0. Let j = y - -2. Let i = j - 10. What is the units digit of i?
8
Let i be 2592/20 - (-3)/(-5). Suppose -4*t - 5*k + i = 11, t = 5*k + 17. What is the tens digit of t?
2
Suppose 6 = -3*m + 21. Suppose -14 = -m*p + 11. What is the units digit of p?
5
Let o(q) = -8*q**2 - 1 + 5 + 2*q**3 - 7*q - q**3 + 5. What is the tens digit of o(9)?
2
Let f(r) be the second derivative of r**5/20 + 3*r**4/4 + r**3/6 + 6*r**2 - 5*r. What is the units digit of f(-9)?
3
Let m = 142 - 96. What is the tens digit of m?
4
Let m(k) = -8*k - 10. What is the tens digit of m(-12)?
8
Suppose 3*v - 2*j - 463 = 0, 5*j + 734 = 4*v + 112. What is the units digit of v?
3
Let b(j) = -j + 4. Let g be b(0). Suppose -57 + 149 = g*s. What is the units digit of s?
3
Let y(q) = 2*q - 4 + q**3 + 5 + 9*q**2 + 9. Let u be y(-9). Let t = 13 + u. What is the units digit of t?
5
Suppose -5*b = s + 100, 5*s - 19 + 119 = -5*b. Let q = 1 - b. What is the units digit of q/(-6)*-2*1?
7
Let y(m) = -m**2 + 15*m + 38. What is the units digit of y(17)?
4
Let o(c) = 4*c - 2. Let r be o(-1). What is the units digit of 196/6 - (-4)/r?
2
Let b = 20 + -15. Let x(m) = m**2 - 3. What is the units digit of x(b)?
2
Let t be -2 + (-1 - -3) + -4. Suppose -8*g = -19*g - 66. What is the tens digit of (1 - -26)*t/g?
1
Let a be ((-6)/3)/((-2)/(-13)). Let t = -8 - a. What is the units digit of t?
5
Let j(f) = f**2 - 18*f + 18. What is the tens digit of j(-8)?
2
Let t(l) = l**3 - 5*l**2 + 9*l + 7. What is the hundreds digit of t(7)?
1
Suppose 5*j - 380 = -5*q, -4*j = -3*j - 5*q - 64. Suppose -l + 5*y = -34, 0*y + y = 3*l - j. What is the units digit of l?
4
Suppose -61 = -2*i - 7. Let p = i - 9. What is the units digit of p?
8
Let y(m) = -m**2 - 5*m - 2. Let k be y(-3). Suppose -3*z = -15, 2*d + z - 19 = k. What is the units digit of d?
9
Let i = -21 - -13. Let n(k) = -2*k + 2. What is the tens digit of n(i)?
1
Suppose 0 = v - i + 3*i + 1, v = -3*i - 3. Suppose -z = 1 - v. Suppose -2*r + 12 = z. What is the units digit of r?
5
Let a be 0 + (-96)/(0 - 1). Suppose f + a = 5*f. What is the tens digit of f?
2
Suppose 10 - 2 = 4*m. Suppose m*a = a + 5. What is the units digit of 18/a - (-8)/20?
4
Let a be (-1)/((-3)/2)*3. Let v(j) = j**2 - 1. Let k be v(a). Let c = k - -3. What is the units digit of c?
6
Let i = 7 - 3. Suppose 2*c - 52 = -3*y, i*y - 3*c - 40 = 1. What is the tens digit of y?
1
Let l(f) = -2*f**3 + 3*f**2 - 4*f + 2. Let a(i) = -i**2 - i. Let w(b) = a(b) - l(b). Let o be w(2). Let u(g) = 3*g - 6. What is the units digit of u(o)?
6
Suppose -4*f = -f. Suppose f = 2*x - 17 - 3. What is the units digit of x?
0
Let w(z) = 181*z**2 - 4*z + 2. What is the tens digit of w(1)?
7
Suppose 2*x - 4*h + 38 = 4*x, -4*x + 88 = -4*h. Suppose -3*c - 5*p + 45 = -2*c, c = p + x. What is t